t common factor of u and 2?
1
Let h = 21 + -13. Let w be (-582)/(-9) - 4/6. Calculate the greatest common factor of w and h.
8
Suppose -5*p - 14 = -k, 3*p + 2*p = -10. Let c(y) = y**3 - 2*y**2 + 2*y - 5. Let b be c(3). What is the greatest common divisor of b and k?
2
Let m(x) = -8 - 3*x**2 + 2*x**2 + 3*x + 8*x. Let r be m(7). Let c(t) = t**3 + 8*t**2 + 4*t + 2. Let q be c(-6). What is the highest common factor of r and q?
10
Let g be 0 + 1 + (81 - -2). Let w be 0 + -1 - 1 - -14. What is the highest common divisor of g and w?
12
Let m = 26 - -3. Calculate the highest common factor of m and 261.
29
Let x(j) = 6*j + 5. Let v be x(3). What is the greatest common factor of v and 138?
23
Suppose 109 = 2*k - 125. Let o = 10 - 7. Suppose -4*w = 4*h - 40, o*w = -w + 3*h + 61. What is the greatest common factor of w and k?
13
Suppose 2*h + 5*b + 87 - 372 = 0, -2*h + 275 = -5*b. Calculate the greatest common divisor of 56 and h.
28
Suppose 0 = -0*m - 4*m - 2*c + 84, 4*c = -8. Calculate the highest common factor of m and 88.
22
Let n be (3 - (0 + -1))*2. Calculate the highest common factor of n and 16.
8
Suppose -2*z - 3*z + v = -676, z = -5*v + 156. Suppose 4*d - q - z = 0, 3*q = -2*d + 58 - 4. Calculate the greatest common factor of 3 and d.
3
Suppose 116 = 4*t - 4*m, 0 = -t + 2*m + 16 + 9. What is the highest common factor of 33 and t?
33
Let t be (-1 - -5)/((-12)/(-84)). Calculate the greatest common divisor of t and 308.
28
Let o(p) = -p**2 + 8*p + 3. Let h be o(8). Let c(u) = 3*u**2 + 5. Let v be c(-5). Suppose a + h*a = v. Calculate the greatest common factor of 30 and a.
10
Let c = -99 + 174. Let y(n) = n**2 - 2*n - 7. Let j be y(5). Let s(f) = 4*f - 2. Let o be s(j). Calculate the highest common factor of o and c.
15
Suppose -o + 5 = t + 1, -t = 4*o - 10. What is the greatest common factor of 5 and o?
1
Suppose -3*a + 147 = 3*u - 18, -4*u + 221 = 5*a. What is the greatest common divisor of u and 12?
6
Suppose -2*f - 3*j + 24 = f, -3*f + j + 4 = 0. Suppose -2*y - 10 = -2*m, 0 = -3*m + f*y - 5*y + 30. What is the highest common factor of m and 40?
8
Suppose 3*m - 5*q - 30 = -2*m, -5*m = -2*q - 15. Let d be ((-182)/(-56))/(m/4). What is the greatest common divisor of d and 39?
13
Let t = -3 + 7. Let b(j) = j**2 - 6*j - 4. Let z be b(-4). Calculate the highest common factor of z and t.
4
Suppose 0 = 5*c - y - 36, 5*c - c + 5*y = 23. Let d = c + 37. Calculate the greatest common factor of 11 and d.
11
Let f = -10 + 42. What is the greatest common factor of f and 16?
16
Suppose 56 + 4 = 4*m. What is the greatest common factor of m and 165?
15
Let t(o) be the first derivative of o**4/4 - 2*o**3/3 - 3*o**2/2 + 6*o - 5. Let b be t(4). Calculate the highest common divisor of 65 and b.
13
Let r = -11 - -14. Let w be (-44)/(-1 + 2 - r). What is the highest common factor of w and 55?
11
Suppose -2*p = 3*p - 35. Suppose -g - p = 5. Let b = 29 + g. Calculate the greatest common divisor of b and 51.
17
Suppose -13*d + 14*d = 108. Calculate the highest common factor of d and 12.
12
Let c(g) = 6*g**2 + 3*g. Let x = -10 - -6. Let r be ((-6)/x)/(2/(-4)). Let p be c(r). Calculate the greatest common divisor of p and 5.
5
Let a(j) = 11*j - 1. Let k be a(1). Let t(l) = l**3 - 2*l**2 + 5. Suppose -3*w + 25 = 2*w. Let y be t(w). What is the highest common factor of y and k?
10
Suppose -4*j + 51 - 11 = 4*n, -3*j + 50 = -n. Calculate the greatest common factor of j and 15.
15
Suppose -13 = -5*p + 12. Calculate the highest common divisor of p and 5.
5
Suppose 5 = w + 2*z - 9, 3*w - 3*z - 69 = 0. What is the greatest common factor of w and 10?
10
Suppose 15 = -6*y + y. Let j(o) = 2*o**2 + 3*o - 3. Let w be j(y). Calculate the highest common divisor of w and 30.
6
Let d be -6*((-170)/36 - (-6)/27). What is the highest common factor of 216 and d?
27
Suppose 29 = 9*a - 43. What is the greatest common factor of a and 6?
2
Suppose 1 - 15 = -7*a. Suppose 4*g - 66 = -3*l, 4*l + 0*l = -3*g + 46. Calculate the highest common divisor of g and a.
2
Let n(h) = -2*h**2 - h - 7. Let j(m) = m**2 + m + 4. Let o(c) = -5*j(c) - 3*n(c). Let d be o(-3). What is the greatest common divisor of 32 and d?
16
Let l = 2 - -1. Let w(u) = -18*u - 51. Let m be w(-4). Calculate the greatest common factor of l and m.
3
Let v(a) = -18*a - 3. Let g be v(-3). Calculate the highest common divisor of g and 17.
17
Suppose -10 + 8 = -2*p. Let o be ((-48)/p)/(8 + -9). Calculate the greatest common factor of 16 and o.
16
Let m = 105 + -83. What is the highest common divisor of m and 132?
22
Let r = 3 + -3. Suppose n + 2 + 0 = r, 2*a + 4*n - 32 = 0. What is the highest common divisor of 8 and a?
4
Suppose 22 = -6*q + 7*q. Calculate the highest common factor of q and 88.
22
Let b be -103 - (-1)/(-1)*1. Let z = 53 + b. Let q = z - -116. Calculate the highest common factor of q and 26.
13
Let w = 4 + -3. Let c be (w/2)/(4/16). Suppose -3*g - 6 = 3*u, -g = c + 3. What is the greatest common divisor of u and 27?
3
Let h(l) = 2*l**3 + 7*l**2 - 10*l - 1. Let n be h(-4). What is the greatest common divisor of 23 and n?
23
Suppose 3*g - 3*t - 7 = -4, 4*g + 4*t = 44. Let i(w) = 3*w + 42. Let c be i(4). What is the highest common factor of c and g?
6
Let k(t) = -2 + 2 + 2*t. Let y be k(6). Let n be 1 + (-21)/(-3)*1. What is the highest common factor of y and n?
4
Suppose -5*y + 22 = 2. Suppose -y*l + 17 = 4*k - 19, 2*l - 16 = -k. Calculate the highest common factor of 7 and l.
7
Let a = -154 - -236. What is the greatest common factor of a and 41?
41
Let g(w) = -w - 5. Let j be g(-6). Let q be (-13)/(-2) + j/2. Calculate the greatest common factor of q and 21.
7
Let o be 1*4 - (2 + -2). Suppose 6*l - 3*l = -84. Let x be (l/3)/(6/(-18)). Calculate the greatest common factor of x and o.
4
Let d be 66*(16/6)/4. Let j be (189/(-18))/((-2)/d). Let o(w) = 22*w - 1. Let u be o(1). What is the highest common factor of u and j?
21
Let s(p) = 22*p + 4. Let w be s(3). What is the greatest common factor of w and 10?
10
Suppose 0 = v - 8 - 12. Suppose 12 = 2*n + n. What is the highest common divisor of n and v?
4
Suppose -2*u = -0*u - 2. Suppose -x - 2*x - 25 = -2*k, -5*k - 3*x = -10. Let i be (-8)/u*k/(-4). What is the highest common factor of 80 and i?
10
Suppose y + 2 = 4*k, 4*y + 8 = -k + 17. Suppose -y*m + 22 = -0*m. Suppose i - b = 5*i - 179, -2*i = -b - 85. What is the greatest common factor of m and i?
11
Suppose 173 + 281 = 2*q. Let c = 392 - q. What is the highest common factor of c and 15?
15
Let y be (-8)/40 - (-41)/5. What is the greatest common factor of y and 40?
8
Let p = -19 - -19. Suppose p*a = -2*a - 3*j + 9, -4*j = 4. Calculate the highest common factor of a and 2.
2
Let t be 2*-5*12/(-30). Let f be 2 - 1 - 98/(-2). Let b be f/8 + t/(-16). Calculate the greatest common divisor of b and 30.
6
Let z(d) = -149*d - 1. Let n be z(-2). Let g be (110 - 78) + (0 - 0) + -5. What is the highest common factor of g and n?
27
Let g be (-7)/((-49)/12)*14. Let r be (-109)/(-7) - g/(-56). What is the highest common divisor of r and 40?
8
Let j be (28/12)/(3/36). What is the highest common factor of j and 4?
4
Suppose 6 - 14 = 4*m. Let q be 4*(m - 35/(-4)). What is the greatest common divisor of q and 3?
3
Let l = -12 - -17. Suppose 0 = -0*g - 4*g. Suppose o = 1, -x - 2*o - 2*o + 9 = g. What is the highest common divisor of l and x?
5
Let s(u) = u**2 - u - 28. Let z be s(-10). What is the greatest common factor of 2 and z?
2
Suppose a + 26 = 3*a. Suppose 6*o = -2*i + o + 145, -6 = -2*o. Calculate the greatest common divisor of i and a.
13
Let z = 6 + -1. Let l be 302/16 + z/40. Calculate the highest common factor of l and 152.
19
Let k(r) = 4*r**2 - 2*r + 3. Let q be k(2). Let n be (-40)/14*14/(-4). Calculate the greatest common divisor of q and n.
5
Suppose 4*w + 0*w - 140 = 0. Suppose 3*r - 31 = 17. Let g = r + -11. What is the highest common divisor of g and w?
5
Let t = -8 + 13. Let m be 3/t + (-171)/(-15). Suppose -4 = -4*w + m. What is the greatest common factor of 20 and w?
4
Let v = 8 + -2. Let x = v - -1. Suppose -205 = -2*n - x. Calculate the greatest common divisor of 11 and n.
11
Let w = 13 + -3. Let g(a) = -a - 6. Let n be g(-10). Let f be (3 - n)*1 + 11. Calculate the highest common factor of f and w.
10
Let g(d) = -